{"id":2704,"date":"2017-02-13T05:39:42","date_gmt":"2017-02-13T05:39:42","guid":{"rendered":"http:\/\/themes.potenzaglobal.com\/cardealer\/?page_id=2704"},"modified":"2020-09-26T07:49:43","modified_gmt":"2020-09-26T07:49:43","slug":"faq-01","status":"publish","type":"page","link":"https:\/\/kfz-milla.de\/?page_id=2704","title":{"rendered":"\u00dcber uns"},"content":{"rendered":"<p>[vc_row][vc_column][vc_column_text]<\/p>\n<p>Herzlich Willkommen bei KFZ-Meisterbetrieb-Milla in Neuenhaus.<\/p>\n<p>Wir sind ein freier, unabh\u00e4ngiger und inhabergef\u00fchrter Kfz-Betrieb, der die Wartung und die Reparatur aller Marken anbietet.<\/p>\n<p>Profitieren Sie von unserer langj\u00e4hrigen Berufserfahrung, kompetenten Beratung und unserem Service. Wir bieten Ihnen Qualit\u00e4t, h\u00f6chste Leistungsst\u00e4rke und hinsichtlich der Kostenorientierung eine Alternative zu herstellerunterst\u00fctzten Vertragswerkst\u00e4tten.<\/p>\n<p>Von der Inspektion \u00fcber HU\/AU bis hin zu Reifenservice oder Unfallinstandsetzung \u2013 unser Leistungsspektrum ist vielseitig und verl\u00e4sslich.<\/p>\n<p>In unserem modernen KFZ-Meisterbetrieb stehen uns neueste Diagnose- und Serviceger\u00e4te zur Verf\u00fcgung.<\/p>\n<p>Rufen Sie an und vereinbaren Sie mit uns einen Termin!<\/p>\n<p>Wir freuen uns auf Ihren Besuch!<\/p>\n<p>Ihr KFZ-Meisterbetrieb-Milla<\/p>\n<p>[\/vc_column_text][vc_gallery type=&#8221;flexslider_slide&#8221; interval=&#8221;3&#8243; images=&#8221;8145,8144&#8243; img_size=&#8221;full&#8221;][\/vc_column][\/vc_row][vc_row][vc_column][vc_gallery type=&#8221;image_grid&#8221; images=&#8221;8068,8004,8005&#8243; img_size=&#8221;150 x 103&#8243; onclick=&#8221;img_link_large&#8221; title=&#8221;Werkstatt des Vertrauens&#8221;][\/vc_column][\/vc_row][vc_row][vc_column][\/vc_column][\/vc_row]<\/p>\n","protected":false},"excerpt":{"rendered":"<p>[vc_row][vc_column][vc_column_text] Herzlich Willkommen bei KFZ-Meisterbetrieb-Milla in Neuenhaus. Wir sind ein freier, unabh\u00e4ngiger und inhabergef\u00fchrter Kfz-Betrieb, der die Wartung und die Reparatur aller Marken anbietet. Profitieren Sie von unserer langj\u00e4hrigen Berufserfahrung, kompetenten Beratung und unserem Service. Wir bieten Ihnen Qualit\u00e4t, h\u00f6chste Leistungsst\u00e4rke und hinsichtlich der Kostenorientierung eine Alternative zu herstellerunterst\u00fctzten Vertragswerkst\u00e4tten. Von der Inspektion \u00fcber HU\/AU [&hellip;]<\/p>\n","protected":false},"author":2,"featured_media":0,"parent":0,"menu_order":0,"comment_status":"closed","ping_status":"closed","template":"templates\/page-vc_compatible.php","meta":{"footnotes":""},"class_list":["post-2704","page","type-page","status-publish","hentry"],"_links":{"self":[{"href":"https:\/\/kfz-milla.de\/index.php?rest_route=\/wp\/v2\/pages\/2704","targetHints":{"allow":["GET"]}}],"collection":[{"href":"https:\/\/kfz-milla.de\/index.php?rest_route=\/wp\/v2\/pages"}],"about":[{"href":"https:\/\/kfz-milla.de\/index.php?rest_route=\/wp\/v2\/types\/page"}],"author":[{"embeddable":true,"href":"https:\/\/kfz-milla.de\/index.php?rest_route=\/wp\/v2\/users\/2"}],"replies":[{"embeddable":true,"href":"https:\/\/kfz-milla.de\/index.php?rest_route=%2Fwp%2Fv2%2Fcomments&post=2704"}],"version-history":[{"count":71,"href":"https:\/\/kfz-milla.de\/index.php?rest_route=\/wp\/v2\/pages\/2704\/revisions"}],"predecessor-version":[{"id":8592,"href":"https:\/\/kfz-milla.de\/index.php?rest_route=\/wp\/v2\/pages\/2704\/revisions\/8592"}],"wp:attachment":[{"href":"https:\/\/kfz-milla.de\/index.php?rest_route=%2Fwp%2Fv2%2Fmedia&parent=2704"}],"curies":[{"name":"wp","href":"https:\/\/api.w.org\/{rel}","templated":true}]}}